rs of s?
13, 17
Let c be 0 - (1 + -6 - -1). Let b be ((-88)/14)/((-82)/1435). Suppose -3*i + b = 5*m, c*m - 6*m + 5*i = -44. What are the prime factors of m?
2, 11
Let a(k) = -3*k**2 + 23*k + 143. Let b(d) = d**2 - d - 1. Let l(h) = a(h) + 2*b(h). What are the prime factors of l(23)?
5, 19
Suppose 5*t + 100845 - 285390 = -5*j, -4*j + 184542 = 5*t. List the prime factors of t.
2, 3, 6151
Let i be ((-12)/(-9))/((40/45)/(-4)). Let d(p) = 8*p**2 - 11*p - 14. Let v be d(i). Suppose -v + 104 = -2*b. List the prime factors of b.
2, 59
Let r(c) = 26*c**3 - 15*c**2 + 47*c. What are the prime factors of r(5)?
2, 5, 311
Suppose -58*y + 915869 - 174872 = -453107. What are the prime factors of y?
2, 5147
Suppose y + 46*i = 10*i + 48259, -144262 = -3*y - 5*i. What are the prime factors of y?
48079
Let g(p) = 2*p**2 - p - 1. Let k be g(-1). Suppose -k*w - 4*i = 26 - 1000, -2*i - 1493 = -3*w. What are the prime factors of w?
3, 5, 11
Let p be (272/40 - 7)*-10. Suppose 5*k = -4*l + p*k + 2951, 2*l - 1475 = -k. What are the prime factors of l?
11, 67
Suppose 5*b + 2 = y + 18, 0 = -5*b - 2*y + 13. Suppose 4*o - 764 = -4*c, -4*c + b*c - 2*o = -195. List the prime factors of c.
11, 17
Let t(m) = -1389*m + 73. What are the prime factors of t(-48)?
5, 7, 1907
Suppose 278*b = 345*b - 4483439. What are the prime factors of b?
61, 1097
Let x(r) = r - 7. Suppose -5*s - 17 = -32. Let k be x(s). List the prime factors of (44/((-12)/(-6)))/(k/(-30)).
3, 5, 11
Let a = 310 - 107. Suppose h = 1, 5*m - a = h + 86. Suppose -z + 7 = 3*t - m, -174 = -2*z + 5*t. What are the prime factors of z?
7, 11
Let l(t) = -50*t - 120. Suppose 35 = -5*o + 4*j, -4*o + o = 5*j + 58. List the prime factors of l(o).
2, 5, 43
Suppose 4*i = 4*g - 40984 - 25148, -5*g + 2*i + 82659 = 0. List the prime factors of g.
61, 271
Let t = 10018 + -569. What are the prime factors of t?
11, 859
Let p(y) = 2*y**2 - 2*y - 33. Suppose -2*x + 28 = 2*w - 3*x, 0 = 5*w + x - 56. List the prime factors of p(w).
3, 7, 11
Suppose -3*l = -u + 23, 4*u - 2*l - 47 - 35 = 0. Suppose 4*s + k - 6394 = -k, u = 4*k. What are the prime factors of s?
2, 3, 7, 19
Let y = 584 - 576. Let q be 1/2*4*-11. Let z = y - q. What are the prime factors of z?
2, 3, 5
Suppose -25*d + 14*d + 31*d - 1267580 = 0. What are the prime factors of d?
61, 1039
Let z(n) = n**2 - n - 9. Let b be z(-4). Suppose -3*y + 45 = g - 4*g, y = -3*g + b. What are the prime factors of -2*(1 - y)/((-4)/(-2))?
13
Let p = -10 - -15. Let x be (-14)/(-4 - (-10)/p). Suppose 0 = 3*o - 5*c - 119, -2*o - 4*c = -x*c - 79. List the prime factors of o.
2, 19
Let t = 63 + 144. Suppose 4*l - 3*z - 312 = 0, 0 = -l + 4*l + 5*z - 205. Let a = t - l. What are the prime factors of a?
2, 3, 11
List the prime factors of (-209562)/(-18) + (-43 - -37)*(-1)/9.
3, 3881
Let i = -23252 - -41324. What are the prime factors of i?
2, 3, 251
Let k be 6 - (-4)/(-6)*-9. Let p(y) = 31*y - 79. What are the prime factors of p(k)?
293
What are the prime factors of (-3)/(((-2)/87442)/((-24)/(-72)))?
43721
Let i = -380 - -377. List the prime factors of i/(-2 - (-33)/(-2352)*-142).
2, 7
Suppose -112*r - 8*r = -31*r - 2808662. List the prime factors of r.
2, 31, 509
Suppose -15 = 4*j - 3, -210 = 2*u + 2*j. Let b be ((-12)/(-9))/(4/u). What are the prime factors of (b - 11)/(1*-1)?
3, 5
Suppose -2*c = 14*c - 59440. Suppose 17*r - 1793 = c. What are the prime factors of r?
2, 3
Let l = -5 - -154. Let o = l + -143. Let q(h) = 10*h + 46. What are the prime factors of q(o)?
2, 53
Suppose 0 = -l - 4, 22*l = k + 23*l - 11671. What are the prime factors of k?
5, 467
Let r = 9 - -8. Let l(h) = 6 - h**2 + 10 - 4 + 3 + r*h. List the prime factors of l(12).
3, 5
Suppose -33*n + 4*k = -28*n - 253576, -3*n + 152172 = 2*k. List the prime factors of n.
2, 5, 317
Let i = -107 - -115. Suppose n + i*r - 6*r = 372, -4*n + r + 1515 = 0. List the prime factors of n.
2, 3, 7
Let q = 44 + -42. Suppose 4 = -q*i - 16. List the prime factors of (-636)/i - 3/5.
3, 7
Let b = 39091 - 23293. What are the prime factors of b?
2, 3, 2633
Suppose 6*r + 995234 = 61*r - 14*r. List the prime factors of r.
2, 53, 229
Suppose w + 164 = -46. Let c = w + 281. List the prime factors of c.
71
Let s be -1 + (-14)/(-4) + 8/16. Suppose s - 7 = o. Let c(a) = 11*a**2 + 4*a + 8. List the prime factors of c(o).
2, 3, 7
Let x be 49/(-7)*(-25)/35. Suppose x*r - 8*r + 2256 = 0. List the prime factors of r.
2, 47
Suppose 4*k + 5*i = 62972, -22*k + 20*k = -3*i - 31464. What are the prime factors of k?
2, 3, 43, 61
Let l = -23539 + 49622. List the prime factors of l.
26083
Let k(t) be the first derivative of -181*t**4 + t**3/3 - t**2 - 2*t + 113. List the prime factors of k(-1).
5, 29
Suppose 13*q - 26478 - 15473 = 0. Suppose 9*b + q = -6133. List the prime factors of (72/(-10))/(39/b).
2, 3
Suppose -3*w + y + 67 = -8, -100 = -4*w - 5*y. Suppose 3*z + 6974 = w*z. List the prime factors of z.
317
Suppose -62*g + 12669 = 2*j - 67*g, 8*j + 4*g - 50652 = 0. List the prime factors of j.
2, 1583
List the prime factors of (74491 - 613)*(-2)/(-6).
2, 7, 1759
Suppose 3098868 = 45*r + 759048. What are the prime factors of r?
2, 3, 7, 619
Let m = 93 + -92. Let w(q) = 72*q**3 + q**2 + q - 1. Let u be w(m). Suppose -14 = -h - 2*g - 5, 5*h - u = -3*g. List the prime factors of h.
17
Suppose 3*a + 312 = 7*a. Suppose 2*y + 4 + 6 = 0, -3*h = -2*y - 22. Suppose a = p + 3*x, 2*p - h*x + 79 = 3*p. List the prime factors of p.
3, 5
Let o = 6705 - -23033. List the prime factors of o.
2, 14869
Let g = 57 - 26. Let s = g + 34. Let v = 97 - s. List the prime factors of v.
2
Let s(b) = -66*b + 3569. List the prime factors of s(-56).
5, 1453
Let h(z) = -z**3 + 48*z**2 - 174*z + 78. What are the prime factors of h(39)?
3, 13, 179
Suppose 5*x = 3*z + z - 5614, 0 = 3*z + 2*x - 4222. List the prime factors of z.
2, 19, 37
Let d = 1011 - -974. What are the prime factors of d?
5, 397
Let q be (-4)/10 - 128/(-20). Suppose -5*z + 3*j = -81, -73 = z - q*z - j. What are the prime factors of (-6)/((-36)/z)*46?
5, 23
Let g = 196 - 268. What are the prime factors of ((-8)/14)/(g/27468)?
2, 109
Let s be (-604)/(-3)*-12*(-5)/40. Let o = s - 143. List the prime factors of o.
3, 53
Suppose 4*a + 160 = 5*z, 45 + 125 = 5*z - 2*a. List the prime factors of (8 - 7 - z)*(-20)/14.
2, 5
Let q(y) = -388*y + 131. Let u be (-1)/(6/90*5). What are the prime factors of q(u)?
5, 7, 37
Let l(u) = -21*u**3 - 12*u**2 - 20*u - 14. What are the prime factors of l(-8)?
2, 5, 1013
Suppose 3125 + 2790 = 5*w. Let p = w - 687. List the prime factors of p.
2, 31
Let h = -792 + 326. Let p = 617 + h. What are the prime factors of p?
151
Let o(i) = 44*i - 119. Let u be 9/((1 - 5) + 5). List the prime factors of o(u).
277
Let x(v) = -31*v - 4. Let i(r) = -r - 1. Let s(f) = 3*i(f) - x(f). What are the prime factors of s(12)?
337
Suppose 0 = 28*o - 214446 - 106994. Suppose 0 = -444*k + 434*k + o. List the prime factors of k.
2, 7, 41
Let z(w) = -w**3 + 14*w**2 + 11*w + 49. Let c be z(15). List the prime factors of (c + 10)*(512/(-1) - 2).
2, 257
Let b(t) = t**2 - t - 12. Let y = 74 - 89. Let h be -2 + 99/y - (-6)/(-15). What are the prime factors of b(h)?
2, 3, 13
Let p = 3050 + -2532. List the prime factors of p.
2, 7, 37
Suppose 96*s + 90*s - 1996322 = 8701840. List the prime factors of s.
113, 509
Let x = 1398 + 6811. What are the prime factors of x?
8209
Suppose 0 = -5*k + 2*q + 38150, 4*k - q = -6771 + 37294. What are the prime factors of k?
2, 3, 53
Let n = -140 + 140. Suppose -14*v - 9*v + 9867 = n. List the prime factors of v.
3, 11, 13
Suppose -a - 2*j + 19 = 0, 4*j - 83 = -2*a - 3*a. Suppose 0 + a = 5*u, -3 = 5*n - u. List the prime factors of ((n - -5) + 287)/(4/2).
2, 73
Let q(d) = 31*d**2 + 9*d - 551. List the prime factors of q(-20).
7, 1667
Suppose 5*v - 736 + 231 = 0. Suppose -2*b = -u - 3*u + 664, -666 = -4*u + 3*b. Let k = u - v. List the prime factors of k.
2
Let w(v) = -2*v**3 + 32*v**2 - 13*v + 38. Let y be w(16). Let f = 341 + y. What are the prime factors of f?
3, 19
Let b = -251 + 253. Suppose -3*j = q - 3025, b*j = -0*j + q + 2010. List the prime factors of j.
19, 53
Let s be 1 + 3 - 13/(-1). Suppose 2*f - 2*n = -2*f - 22, -3*n + s = -2*f. What are the prime factors of (-190)/f*6/12*4?
5, 19
Let d be 758